et o = -71 - r. Let c be o/(-5) - (-1 + 2). What is t(c)?
2
Let p(r) = -r**2 - 11*r + 11. Let v(z) = -z**2 - 12*z + 12. Let j(m) = -6*p(m) + 5*v(m). Let g = -124 + 119. What is j(g)?
-11
Let h(p) = -20 - 26*p + 4*p + 34 - 3. Give h(2).
-33
Let h(j) = j**2 + 9*j - 1. Let r(y) = y**3 + 12*y**2 - 26*y - 28. Let p be r(-13). Let l = p + -147. What is h(l)?
-19
Let o(j) = 4*j - 1. Let c(a) be the first derivative of a**3 + a**2 + 7*a - 23. Let x be c(3). Let y = 43 - x. Determine o(y).
11
Suppose -4*c + 53*c = 196. Let x be (-2 - -16 - c) + 3. Let y(m) = m**3 - 12*m**2 - 15*m + 32. Determine y(x).
6
Let h(q) = 14*q + 2194*q**2 - 8*q + 14*q - q**3 - 2188*q**2 - 8. Calculate h(8).
24
Let v(b) be the first derivative of -66 + 9*b + 1/3*b**3 + 3*b**2. Give v(-7).
16
Let l(n) = 2*n**2 + 1. Let d = 114 - 114. Suppose -u - 10 = -2*q, 15*u - 18*u + q - 15 = d. Give l(u).
33
Let l be (-32058)/7809 + (-2)/(-19). Let p(z) = -5*z - 22. Determine p(l).
-2
Suppose -855*x - 32 = -851*x - r, -30 = 2*x - 4*r. Let i = 4 - -3. Let u(h) = -h + 3 - h**3 + 3 - 5 + 2 - i*h**2. What is u(x)?
10
Let w(j) = -2*j - 1. Let i be (-5 + (-86)/(-4))/(2/20). Let q = 160 - i. Give w(q).
9
Let z(d) = 4*d - 7. Let n(k) = k**2 - 7*k. Let t be n(7). Let x(m) = m**3 + 3*m**2 - m + 38. Let h be x(t). Suppose -h*f + 40*f = 10. Give z(f).
13
Let b(p) = 5*p + 3. Let j = 3937 + -3934. Give b(j).
18
Let s = -17 - -18. Let v(g) = 1. Let b be ((-2)/8)/((-31)/124). Let m(r) = -r. Let z(i) = b*v(i) - 4*m(i). Give z(s).
5
Let w(d) be the first derivative of -d**4/2 + 13*d**3 + 15*d**2/2 + 102*d + 151. Give w(20).
2
Let j(r) = 2*r**3 - 5*r**2 + 2*r + 51. Let n(w) = w**3 - 2*w**2 + 2*w + 26. Let g(m) = 3*j(m) - 5*n(m). Give g(5).
3
Let j(m) = -23*m + 352. Let y be j(15). Let x(z) = -z**2 + 8*z - 33. What is x(y)?
-26
Let h(q) = -2*q**2 - 83 + 191*q + 149*q - 364*q. Give h(-5).
-13
Let p(a) = 0 - 1 + 4*a + 0*a - 3*a + 2*a**2. Let x(l) = -l**2 + 3*l - 4. Let u be x(1). What is p(u)?
5
Let g(c) = c - 7. Suppose 81*u - 74*u = 49. Let w be g(u). Let y(f) = f**2 + f + 2. Give y(w).
2
Let z(r) = -6*r**2 + 1. Let o(i) = 7*i**2 + i - 1. Let q be (-6)/9*6 - (-3 - -1). Let k(d) = q*o(d) - 3*z(d). What is k(-1)?
5
Let l = -1790 + 1788. Let p(t) = 3*t**3 - 13*t**2 - 4*t + 7. Let h(z) = -5*z**3 + 20*z**2 + 6*z - 11. Let k(y) = -5*h(y) - 8*p(y). Determine k(l).
3
Suppose 0 = 166*i - 165*i - 11. Let o(x) = -2*x**2 + 11*x - 12. Let r(u) = -4*u**2 + 21*u - 23. Let g(z) = i*o(z) - 6*r(z). Determine g(3).
9
Let l(x) = 3*x + 35. Let v be l(-10). Let i be ((-2)/4 - -1)*14. Suppose -i*k + v = -8*k. Let r(u) = -u**2 - 6*u - 6. Calculate r(k).
-1
Suppose -16 = -1597*v + 1595*v. Suppose -s = 4*f + v, 2*s - 7*f - 20 = -3*f. Let l(c) = c + 6. Give l(s).
10
Let n(f) be the first derivative of -f**3/3 + 6*f**2 - 12*f - 8. Let y = -256 - -267. Let q be n(y). Let v(h) = 3*h**2 + h. Give v(q).
2
Let y be (0 + -2)/(-1)*-1. Let k be ((24/9)/4)/(6/(-9)). Let v be ((-1)/k - 2) + y. Let o(b) = -b**3 - 3*b**2 - 4*b - 3. Give o(v).
9
Let p(s) be the first derivative of 3*s**2/2 - 5*s - 1042. Give p(11).
28
Let k(d) = 19*d - 213. Let m(b) = -23*b + 206. Let w(o) = -7*k(o) - 6*m(o). Give w(-50).
5
Let i(o) = 2*o - o**2 - 2 + 1 + 3. Suppose 197*v + 196 = 201*v. Suppose 52*b - v*b = 12. Give i(b).
-6
Let p(t) = -6*t**2. Let y = -691 + 1463. Suppose 0 = -y*x + 773*x + 1. Give p(x).
-6
Let n(u) = -2*u + 1 + 0*u - 4. Suppose -r - 324 = -19*r. Let f = r + -12. Determine n(f).
-15
Let g(q) = -q**2 - 57*q - 629. Let p be g(-15). Let a(n) = 21*n**2 - 14*n. Determine a(p).
7
Let w(x) be the first derivative of x**6/360 + x**5/24 + x**4/4 - 2*x**3/3 - 48*x**2 - 11. Let c(r) be the third derivative of w(r). Calculate c(-7).
20
Let m(q) = -q + 30. Let a(c) = 2*c - 16. Let k(y) = a(y) + m(y). Let d = -95 + 89. Give k(d).
8
Let n(r) = -11 + 562*r - 1118*r + 550*r. Calculate n(-2).
1
Let y(h) = h**3 + 9*h**2 + 14*h - 18. Let m(z) = z**3 + 9*z**2 + 14*z - 32. Let j(c) = 4*m(c) - 5*y(c). What is j(-7)?
-38
Suppose 14 = -4*q + 290. Suppose z + 62 - q = 0. Let y(s) = s**2 - 10*s + 4. Give y(z).
-17
Let b(n) be the second derivative of -n**3/6 + 4*n**2 + 2*n. Let p be b(6). Let g(w) = 5 - p + w - 2. What is g(-1)?
0
Let q(f) = 8*f + 14. Let r = 634 + -636. Give q(r).
-2
Let h(k) = -41*k + 5 + 15*k + 43*k + k**2 + 26. What is h(-13)?
-21
Let v be (260/(-117)*-3)/(28/(-42)). Let o(r) = -r**2 + 11*r + 11. Let a(k) = 2*k**2 - 12*k - 11. Let w(b) = 2*a(b) + 3*o(b). Give w(v).
21
Let g(j) = 3*j + 16. Let t(d) = -10*d - 52. Let f(z) = -21*g(z) - 6*t(z). Determine f(-8).
0
Let a(b) = -16 - 36*b**3 - 9*b**3 + 57*b**3 - 13*b - 11*b**3 + 3. What is a(-4)?
-25
Let c(o) = -9*o**2 + 8*o + 7. Let g be (-1 - 1)*(1/(-2) + 0). Let z(b) = 0 + 4 + 3*b + b - g - 5*b**2. Let j(q) = 4*c(q) - 7*z(q). Give j(6).
-5
Let u(i) = i**3 - 4*i**2 - 10*i - 7. Let q = -1752 + 1758. Determine u(q).
5
Let w be (-5 - -4)*(12 + -20 + 16). Let q(y) = 12*y + 10. Calculate q(w).
-86
Let c(a) be the third derivative of -a**5/60 + 5*a**4/24 + a**3/3 - 73*a**2. Suppose 3*g - 18 = -3. Determine c(g).
2
Suppose 75*b - 537 = -837. Let h(i) = -5*i**2 - 2*i + 9. Let u(z) = 14*z**2 + 6*z - 26. Let v(o) = 11*h(o) + 4*u(o). Calculate v(b).
3
Let c(t) = -6*t - 9. Let l(j) be the second derivative of -13*j**3/6 - 10*j**2 + 14*j - 1. Let o(q) = 9*c(q) - 4*l(q). Give o(1).
-3
Let u(h) = -h**3 - 27. Suppose 872 = 35*n - 73. Suppose 5*x = -3*x + n*x. Calculate u(x).
-27
Let y(w) = w**3 + 2*w**2 - 13*w - 4. Suppose -2*b - 57 = -21*b. Give y(b).
2
Let c(m) = -4*m**2 + 9*m. Let n(w) = 3*w**2 - 7*w. Let l(x) = -4*c(x) - 5*n(x). Let k = 10 + -19. Let i be 6/k + (-33)/(-9). Calculate l(i).
6
Let s(c) = 4*c - 3. Let p = 104 - 98. Suppose a - 2*j - 1 = p, 0 = -5*a + 4*j + 23. Calculate s(a).
9
Let x(s) = s**2 - 7*s + 8. Let l(o) = 1. Let g(n) = -2*l(n) - x(n). Let a = 37433 + -37425. Calculate g(a).
-18
Let s = -39 - -37. Let p be -10 - (2 + 10/s). Let r(v) = v**2 + 10*v + 7. Give r(p).
-14
Let z(k) = 4*k + 20. Let u(y) = -3*y - 9. Let q(t) = u(t) + z(t). Determine q(-12).
-1
Let x(u) be the second derivative of u**4/12 + 7*u**3/6 - u**2 + 35*u. Let i be 78/130*(-20)/3. Give x(i).
-14
Let u(x) = -78669*x + 314670. Let g be u(4). Let n(a) be the second derivative of -a**3 - a**2 - a. Calculate n(g).
34
Suppose 2*n + 2 = 6. Let b(w) = 6*w**n + w**3 - 1 - 4*w**2 - 59*w + 55*w. Determine b(-4).
-17
Let k(w) be the second derivative of -w**4/12 + 24*w**2 - 3*w - 274. Determine k(0).
48
Suppose 0 = -3*j + 2*c + 4, 2*c + 4 = 3*j + j. Let k(x) = x**3 + x + 3. Let a be k(j). Let p(m) = -115*m + 6*m**2 + 110*m + m**a + 1 - m**2. Give p(-6).
-5
Let t(y) = -y**3 + 23*y**2 - 23*y + 21. Suppose 13*w + 39*w + 1492 - 2636 = 0. Give t(w).
-1
Let d(w) = -5*w - 98. Let u(k) = -34*k - 663. Let b(n) = -27*d(n) + 4*u(n). Let q(y) = 5*y**2 + 2*y. Let a be q(2). Suppose 2*x = -2*x - a. Calculate b(x).
0
Let f(k) = -k**3 - 3*k**2 - 2*k. Let v(o) = 10*o + 49. Let t(i) = -11*i - 49. Let h(n) = 6*t(n) + 5*v(n). Let y be h(-6). Let w = y - 49. Determine f(w).
0
Suppose 0 = 5*a - 15, -y = 4*a - a - 7. Let h = y + 2. Let m(c) = 8*c - 7298 - 4*c - c - 2*c + 7285. Give m(h).
-13
Let s(i) = -i**2 - 3*i + 14. Let w be 720/(-117) + -4 + 54/13. What is s(w)?
-4
Suppose 2*a + 64 = -2*j, -a - 2*j = -2*a - 44. Let c be 1/(-4) - (-423)/a. Let b be (-3 + -1)/c*-3. Let h(d) = -3*d. Calculate h(b).
3
Suppose 0 = -4*q + 153 + 75. Let w = -52 + q. Suppose 3*t = -3*x + 15, x + 0*t + w*t = 17. Let l(b) = -b**2. What is l(x)?
-4
Let m(i) = -9*i + 23. Let k(z) = 2*z**2 - 4*z - 6. Let s be k(0). Let h(y) = -17*y + 43. Let d(u) = s*h(u) + 11*m(u). Give d(6).
13
Let y(q) = q**2 - 22*q + 54. Let a be y(3). Let u(s) = s**2 - 4*s - 4. What is u(a)?
17
Suppose -7*w - 12 = -11*w. Suppose -3*i + 3 = -5*r - 27, -w*i + 4*r = -30. Let n(s) = s**3 - 10*s**2 + 2*s - 11. Determine n(i).
9
Let a(i) = -11*i + 70. Suppose 9*w - 6*w = -w + 36. Give a(w).
-29
Let s(c) be the second derivative of -c**3/3 + 27*c**2/2 + 1912*c. What is s(8)?
11
Suppose -46*i + 510 = -41*i. Suppose d - 55 = i. Let v(x) = d*x + 2*x**2 - 157*x + 1. Give v(-2).
9
Let i(u) be the second derivative of -u**4/12 + 17*u**3/6 + 12*u**2 - 72*u + 1. Calculate i(18).
6
Let t(q) = q**3 - 4*q**2 + 12*q - 8. Let i be t(3). L